Let w = -41 - -414. Is w a prime number?
True
Let p be (-3 - 16/(-6))*3. Is (118/(-4))/(p/2) composite?
False
Let v = 197 + -34. Suppose -4*z = -3*l + 409, -l - v = -2*l - 4*z. Is l a prime number?
False
Let y(g) = -1 + 55*g - 259*g - 11*g. Let h be y(-1). Suppose 5*q - o - 47 = h, -q + 4*o + 37 = 0. Is q prime?
True
Let b = -4 + 2. Let q be ((-3)/b)/(3/1064). Suppose -q = -2*v - 2*v. Is v prime?
False
Suppose -2*i + 36 = 4*k, 7*k - 3*k - 20 = 2*i. Is (42*1)/(k - 5) composite?
True
Is ((-21)/(-15))/(1/745) a composite number?
True
Suppose -7*d + 789 = 110. Is d prime?
True
Let t = -47 - -2. Let b be 2/9 + 550/t. Is (-944)/b + (-3)/(-9) composite?
False
Let m be -4 + 3 + 1469 + -1. Suppose 0 = 5*c - 2*c - m. Is c a composite number?
True
Suppose -2*d = 5*d - 889. Is d prime?
True
Suppose 3*d - 4*d + 23 = 3*h, 2*d + 4*h - 36 = 0. Is (-6)/d + 316/16 prime?
True
Let w = -3 + 11. Suppose 0 = z - 2*v + 9, 0*v + w = 3*z + v. Is (76*1 - -2) + z a composite number?
False
Let n(f) = f - 2. Let a be n(5). Suppose 5*x - 818 = 1097. Suppose 2*w - x = -a*v, -w + 10 = -3*w. Is v prime?
True
Let r = -4 + 4. Let x be 0 - (-2 + 0) - r. Is (-1)/x*0 - -79 a prime number?
True
Let h(n) = -6*n - 5. Let q(z) = -z - 1. Let m(c) = h(c) - 5*q(c). Let f be m(1). Is (3 + -2)*(-79)/f prime?
True
Suppose 25 = 5*f + 3*g, -4*f = -2*f - g + 1. Suppose -2 = 2*i - f*r, -i = -0*i + 4*r - 14. Is 0 - -19 - (-4 + i) a composite number?
True
Let q be (1/2)/((-7)/(-1106)). Is (-1)/(-2)*-4 + q composite?
True
Let h = 395 - 270. Let o = h + 162. Is o a composite number?
True
Let s(z) = 7*z**3 - 5*z**2 + 6*z - 7. Let u(p) = -15*p**3 + 11*p**2 - 12*p + 14. Let m(i) = 7*s(i) + 3*u(i). Is m(5) prime?
False
Suppose -3237 = -5*o + 2*o + 5*m, 2*o + 3*m - 2158 = 0. Is o composite?
True
Suppose 3*z - 5272 = t, 4381 = 2*z + 2*t + 853. Is z prime?
True
Is (-9064)/(-10) + ((-126)/30)/(-7) a prime number?
True
Is 0 - (-2 - 2448/4) a composite number?
True
Suppose 2*g + 2*x = 286, 2*g + 2*x + x - 290 = 0. Is g prime?
True
Let n(m) = 2*m + 4. Let h be n(-2). Suppose -2*g = 3*l - 26 - 60, -5*g - 2*l + 237 = h. Is g prime?
False
Let u(n) = 86*n + 23. Is u(9) a prime number?
True
Let w = -15 - -25. Suppose -w = -2*a, 7*s - a = 3*s + 2487. Is s composite?
True
Suppose 3 - 2 = -f. Suppose 3*h - 4 = -2*o, -2 - 1 = 3*o. Is (-108 + h)/(f + -1) a prime number?
True
Let k(h) = 19*h - 5. Is k(6) a composite number?
False
Let w(s) be the third derivative of -s**4/4 - s**3/6 - 2*s**2. Is w(-10) a composite number?
False
Let t(v) = 4 + 8*v + 24*v - 3*v - 2*v. Suppose -2*n + 6 = 0, 4*n - 8 = -k + 7. Is t(k) composite?
True
Let n = -8 + 10. Is 963/6 - n/(-4) a composite number?
True
Suppose -t = 4*t. Suppose 4*x + 4 = t, 3*x + 93 - 33 = 3*y. Is y composite?
False
Suppose 0*d - 38 = d. Let h = d - -57. Is h prime?
True
Let l = -3 - -2. Let q be 2 + (-26)/(l - -2). Is (-3 - q) + 1*-2 composite?
False
Suppose 14*i + 8871 = 17*i. Is i prime?
True
Let p(u) = 3*u**3 - u**2 + 3*u - 14. Is p(11) prime?
False
Is ((-1416)/60)/((-2)/5) a composite number?
False
Let x = -4 + 8. Suppose j - 37 = -4*o, 59 = j + j + 3*o. Suppose -u + j = -5*m, x*m = -2*u + 5*m + 32. Is u a composite number?
True
Is (-1)/4 - 8043/(-28) prime?
False
Let y = 108 - 29. Is y a prime number?
True
Let o be (174/12)/((-1)/4). Let l = 243 + o. Is l a prime number?
False
Let q be 3 + -1 + 0/(-2). Let w be ((-2)/(-2))/(1/q). Is (39 + -1)*1/w composite?
False
Let u(d) = 3*d**3 - 5*d**2 + 2*d - 9. Is u(6) a composite number?
True
Suppose 4*p - 5*i = 16 + 17, 5*i + 17 = -4*p. Let v be (-49)/(p/44*-2). Is 0/(-2) - v/(-7) a prime number?
False
Let s = 5677 + -2130. Is s prime?
True
Suppose 7669 = 5*w - 3*x - 0*x, 5*w = x + 7673. Is w prime?
False
Suppose -3*y + 4*y = 67. Is y a composite number?
False
Suppose -3*p - 14 = -4*q, 2*q - 7 = 3. Suppose -5*o = 3*z - 580, -p*z + o = 3*z - 920. Is z a prime number?
False
Suppose -3*t + 0*t - 30 = 3*c, -4*t - 37 = 3*c. Let p = t - -58. Is p a composite number?
True
Suppose -2*d = -4*d - 6. Let j be d + 2 - 1 - -4. Suppose 0 = -j*z + 5*z - 105. Is z prime?
False
Suppose 4*r - 745 = -r. Suppose -r = -u + 20. Suppose -3*s + t = -3*t - u, 56 = s - t. Is s a prime number?
False
Let i = -835 + 121. Let f = i - -1051. Is f a prime number?
True
Suppose 2*m = -0*m - 8. Let v = m - -62. Is v a composite number?
True
Suppose 7*a - 12 = 3*a. Let u(y) = 74*y + 1. Is u(a) prime?
True
Suppose 2*c + f + 3*f - 122 = 0, 0 = -5*f + 15. Is c a composite number?
True
Let b(c) be the third derivative of -95*c**4/24 + c**3/6 - 7*c**2. Is b(-6) composite?
False
Suppose 0 = -4*j + j. Suppose j*i - 3*i = 0. Suppose i*o = -2*o + 266. Is o a composite number?
True
Let n be 0 - -3 - 1 - -3. Suppose 0 = 2*s - n*s + 921. Is s a prime number?
True
Suppose -5*d - 3*x + 1 = 4, 3*d - 5*x = 5. Suppose 2*c - 324 = -2*p, 5*c = -2*p - d*c + 339. Is p composite?
False
Suppose -1266 = -2*p - 0*p + 5*f, -4*p - f + 2532 = 0. Is (3 - 2)*p/3 composite?
False
Suppose -5*v - g = -2576, -2*v - 3*v + 3*g + 2572 = 0. Is v prime?
False
Is 21/42*(2341 + 1) a composite number?
False
Suppose 3*p + 0*p - 951 = 0. Is p prime?
True
Let m(y) = -y**3 + 10*y**2 - 8*y + 4. Is m(7) prime?
False
Suppose -4*w + 4 = -0*w. Let h = 22 - w. Is h a prime number?
False
Suppose 0 = 3*a - 0*a - 3027. Is a a prime number?
True
Let v(q) = -q + 22. Suppose -4*m = -8*m. Is v(m) prime?
False
Suppose w - 6065 = -5*l - 3*w, 3*l - 4*w = 3671. Is l prime?
True
Let s = 1834 - 1247. Is s a composite number?
False
Let m(s) = s - 6. Let x be m(7). Suppose 4*f = 2*l + 8, -4*l = x - 17. Suppose -5*g = 3*w + 3 - 56, f*g = -4*w + 76. Is w prime?
False
Let r = -144 - -275. Is r prime?
True
Suppose i + 42 + 42 = -3*w, 4*i + 28 = -w. Let s(z) = -z**3 - 5*z**2 + 6*z - 2. Let q be s(-6). Is (w/q)/((-2)/(-3)) composite?
True
Suppose -3*r + 1407 + 2018 = s, 4*s = -3*r + 3431. Is r composite?
True
Let o(w) be the third derivative of -11*w**5/120 - w**4/6 + w**3/2 + 2*w**2. Let v(j) be the first derivative of o(j). Is v(-5) a prime number?
False
Let v(j) = -2*j**3 - 9*j**2 - 2*j - 12. Let y be v(-8). Is (y/(-16))/((-2)/8) composite?
False
Let d = -5 + 38. Is d a prime number?
False
Let a(g) = -129*g - 6. Is a(-3) a composite number?
True
Suppose -8 = -4*p - 0. Suppose 0 = -p*u - u + 207. Is u composite?
True
Let n = 621 - 275. Suppose -289 = -5*o + n. Is o composite?
False
Let w(u) = u**2 + 2*u - 3. Let p be w(2). Suppose 3*t = p*t. Suppose 4*j = -t*j + 188. Is j prime?
True
Suppose -4*d = 3*m - 5 - 270, -4*d - 170 = -2*m. Is m a composite number?
False
Let f be (-2)/6 + (-1)/(-3). Suppose -2*g + h + 7 = f, h - 2 = -2*g - 1. Suppose -1 = -g*d + 21. Is d prime?
True
Suppose -2*l + 3834 = -5*a, -2*a = -a + 4. Is l a composite number?
False
Let w = 5589 - 3902. Is w composite?
True
Suppose -f + 3*z + 16 = 0, -8 = -3*f - 0*f - z. Let g = 0 + -1. Is g - 63/(-3)*f a composite number?
False
Let k = -38 + 51. Is k prime?
True
Let i be (-16)/(-6) - 2/(-6). Let p = i - 1. Suppose -p*l = 2*l - 136. Is l composite?
True
Let h = 464 - 319. Is h a composite number?
True
Let c be (4 + -5)*-1*5. Suppose -s = c*g - 670, 3*g - 3*s - 136 = 266. Is g prime?
False
Let v(o) = o**2. Let m be v(2). Suppose 2*s = -m*s + 948. Is s composite?
True
Let x(v) = 2*v**2 + 18*v + 2. Let i(o) = o**2 + 17*o + 1. Let t(d) = -4*i(d) + 3*x(d). Is t(10) composite?
True
Suppose 0 = 2*k - 704 - 982. Is (1 - k/(-3))/2 prime?
False
Let c = -11 + 10. Is (-12)/c + (-3)/(-1) a prime number?
False
Let z = -23 + 8. Let q be 30 - 2/4*2. Let s = q + z. Is s prime?
False
Let l = 831 - 566. Suppose -34 = -4*x - 10. Suppose 0 = m - x*m + l. Is m prime?
True
Let h = 243 + 88. Is h a prime number?
True
Let j(s) = -3*s + 10. Let n be j(4). Is 219/n*(7 + -9) prime?
False
Suppose -3*f - 849 = -2742. Is f composite?
False
Suppose 6*b - 6968 - 2242 = 0. Is b a composite number?
True
Let w(j) = 3*j**2 + 6*j + 5. Let z be 2*(-6)/4 - 3. Is w(z) a composite number?
True
Let g be ((-2)/3)/(7/(-21)). Suppose -5*t - k + 7 = 0, -5*t + 5 - 1 = g*k. Suppose t*u - 77 = u. Is u prime?
False
Suppose k = -2*k + 552. Let h = k + -89. Suppose 4*l - h = -l. Is l composite?
False
Let a(d) = d**3 - 5*d**2 - 2*d - 2. Is a(6) composite?
True
Let l = -96 + 343. Is l a prime number?
False
Suppo